{"id":304,"date":"2022-01-05T11:05:36","date_gmt":"2022-01-05T18:05:36","guid":{"rendered":"https:\/\/reaktorweb.com\/ahome\/?page_id=3836"},"modified":"2022-01-05T11:05:36","modified_gmt":"2022-01-05T18:05:36","slug":"contrato-de-servicios-usuarios-domesticos","status":"publish","type":"page","link":"https:\/\/reaktorweb.com\/ahome\/contrato-de-servicios-usuarios-domesticos\/","title":{"rendered":"Contrato de Servicios (Usuarios Dom\u00e9sticos)"},"content":{"rendered":"<p><b>DATOS GENERALES<\/b><\/p>\n<table style=\"font-size: 16px; color: var( --e-global-color-text );\">\n<tbody>\n<tr>\n<td style=\"background-color: #e2e1e6;\">Sujeto Obligado<\/td>\n<td>Gerencia General de la Junta de Agua Potable y Alcantarillado del Municipio de Ahome (JAPAMA)<\/td>\n<\/tr>\n<tr>\n<td style=\"background-color: #e2e1e6; color: black;\">Unidad Administrativa<\/td>\n<td>Junta de Agua Potable y Alcantarillado del Municipio de Ahome<\/td>\n<\/tr>\n<tr>\n<td style=\"background-color: #e2e1e6; color: black;\">Oficina de Atenci\u00f3n<\/td>\n<td>Contratos<\/td>\n<\/tr>\n<tr>\n<td style=\"background-color: #e2e1e6; color: black;\">Nombre del Tr\u00e1mite y\/o Servicio<\/td>\n<td>Contrato de Servicios (Usuarios Dom\u00e9sticos)<\/td>\n<\/tr>\n<tr>\n<td style=\"background-color: #e2e1e6; color: black;\">Objetivo (Descripci\u00f3n)<\/td>\n<td>Deber\u00e1n realizar el contrato de prestaci\u00f3n de servicios los propietarios o poseedores de predios, giros o establecimientos, o sus leg\u00edtimos representantes, obligados a hacer uso de agua potable, alcantarillado y saneamiento.<\/td>\n<\/tr>\n<tr>\n<td style=\"background-color: #e2e1e6;\">Fundamento Jur\u00eddico del Tr\u00e1mite<\/td>\n<td>Art\u00edculos 23 y 37 de la Ley de Agua Potable y Alcantarillado del Estado de Sinaloa.<\/td>\n<\/tr>\n<tr>\n<td style=\"background-color: #e2e1e6; color: black;\">Ordenamiento jur\u00eddico del tr\u00e1mite:<\/td>\n<td><a href=\"https:\/\/drive.google.com\/file\/d\/1Hyklb2JoXFFX7kqk54Vs6WOQO7ygJ7vb\/view\" target=\"_blank\" rel=\"noopener\">Enlace<\/a><\/td>\n<\/tr>\n<tr>\n<td style=\"background-color: #e2e1e6; color: black;\">Aplica Sanci\u00f3n<\/td>\n<td>Si.<br \/>\nART\u00cdCULO 81. A los que debiendo surtirse de agua potable del servicio p\u00fablico y conectarse al sistema de alcantarillado, no cumplan con esta obligaci\u00f3n dentro de los plazos que fija el art\u00edculo 23, o impidan se efect\u00faen las instalaciones correspondientes, se les impondr\u00e1 una multa equivalente de tres a diez veces el valor diario de la Unidad de Medida y Actualizaci\u00f3n de acuerdo con las circunstancias, e igual multa podr\u00e1 seguir aplic\u00e1ndose mensualmente hasta en tanto se cumpla con tal obligaci\u00f3n.<\/td>\n<\/tr>\n<tr>\n<td style=\"background-color: #e2e1e6; color: black;\">Plazo de Respuesta<\/td>\n<td>A). Dentro de los 30 d\u00edas siguientes a la fecha en que se notifique que ha quedado establecido el servicio p\u00fablico en la calle en que se encuentren sus predios, giros o establecimientos;<br \/>\nB). Dentro de los 15 d\u00edas siguientes a la fecha de la apertura de sus giros o establecimientos, si existen los servicios; y,<br \/>\nC). Antes de iniciar edificaciones sobre predios que carezcan de servicio de agua.<\/td>\n<\/tr>\n<tr>\n<td style=\"background-color: #e2e1e6; color: black;\">Permite Solicitar Cita<\/td>\n<td>No<\/td>\n<\/tr>\n<\/tbody>\n<\/table>\n<p><b>REQUISITOS<\/b><\/p>\n<table>\n<tbody>\n<tr>\n<td style=\"width: 25%; background-color: #e2e1e6; color: black;\">1.- Nombre del documento:<\/td>\n<td>Escritura original inscrita ante RPPyC; en caso de predio ubicado en zona rural, deber\u00e1 proporcionar de Carta de Posesi\u00f3n vigente, emitida por el Comisariado Ejidal; Contrato de compraventa notariado o carta de asignaci\u00f3n de vivienda (carta de la constructora).<\/td>\n<\/tr>\n<tr>\n<td>Originales<\/td>\n<td>1<\/td>\n<\/tr>\n<tr>\n<td>Copias<\/td>\n<td>1<\/td>\n<\/tr>\n<tr>\n<td>Detalles<\/td>\n<td>Documento con el que acredita la propiedad o posesi\u00f3n del predio.<\/td>\n<\/tr>\n<tr>\n<td>Condici\u00f3n para realizar el tr\u00e1mite<\/td>\n<td>Solicitar previamente solicitud de contrato para determinar el presupuesto de contrato (costos).<\/td>\n<\/tr>\n<tr>\n<td style=\"width: 25%; background-color: #e2e1e6; color: black;\">2.- Nombre del documento:<\/td>\n<td>Asignaci\u00f3n de N\u00famero Oficial, expedido por la Direcci\u00f3n de Medio Ambiente y Desarrollo Urbano.<\/td>\n<\/tr>\n<tr>\n<td>Originales<\/td>\n<td>1<\/td>\n<\/tr>\n<tr>\n<td>Copias<\/td>\n<td>1<\/td>\n<\/tr>\n<tr>\n<td>Detalles<\/td>\n<td>Es requisito cuando el n\u00famero del predio no venga se\u00f1alada en los documentos con los que acredita la propiedad o posesi\u00f3n.<\/td>\n<\/tr>\n<tr>\n<td>Condici\u00f3n para realizar el tr\u00e1mite<\/td>\n<td>No hay condicionantes.<\/td>\n<\/tr>\n<tr>\n<td style=\"width: 25%; background-color: #e2e1e6; color: black;\">3.- Nombre del documento:<\/td>\n<td>En caso de arrendamiento, contrato de arrendamiento y carta de anuencia expedida por el propietario o arrendador..<\/td>\n<\/tr>\n<tr>\n<td>Originales<\/td>\n<td>1<\/td>\n<\/tr>\n<tr>\n<td>Copias<\/td>\n<td>1<\/td>\n<\/tr>\n<tr>\n<td>Detalles<\/td>\n<td>En caso de requerir Comprobante Fiscal Digital, deber\u00e1 anexar Constancia de Situaci\u00f3n Fiscal expedida por el SAT (reciente) y proporcionar un correo electr\u00f3nico activo..<\/td>\n<\/tr>\n<tr>\n<td>Condici\u00f3n para realizar el tr\u00e1mite<\/td>\n<td>Deber\u00e1 proporcionar fotocopia de Identificaci\u00f3n oficial vigente del arrendador.<\/td>\n<\/tr>\n<tr>\n<td style=\"width: 25%; background-color: #e2e1e6; color: black;\">4.- Nombre del documento:<\/td>\n<td>Clave \u00danica de Registro de Poblaci\u00f3n (Constancia CURP).<\/td>\n<\/tr>\n<tr>\n<td>Originales<\/td>\n<td>1<\/td>\n<\/tr>\n<tr>\n<td>Copias<\/td>\n<td>N\/A<\/td>\n<\/tr>\n<tr>\n<td>Detalles<\/td>\n<td>No hay detalles.<\/td>\n<\/tr>\n<tr>\n<td>Condici\u00f3n para realizar el tr\u00e1mite<\/td>\n<td>Impresi\u00f3n reciente<\/td>\n<\/tr>\n<tr>\n<td style=\"width: 25%; background-color: #e2e1e6; color: black;\">5.- Nombre del documento:<\/td>\n<td>Identificaci\u00f3n oficial. (Arrendatario y arrendador).<\/td>\n<\/tr>\n<tr>\n<td>Originales<\/td>\n<td>1<\/td>\n<\/tr>\n<tr>\n<td>Copias<\/td>\n<td>1<\/td>\n<\/tr>\n<tr>\n<td>Detalles<\/td>\n<td>INE, Licencia de conducir o pasaporte..<\/td>\n<\/tr>\n<tr>\n<td>Condici\u00f3n para realizar el tr\u00e1mite<\/td>\n<td>Identificaci\u00f3n vigente<\/td>\n<\/tr>\n<\/tbody>\n<\/table>\n<p><b>COSTOS<\/b><\/p>\n<table>\n<tbody>\n<tr>\n<td style=\"width: 25%; background-color: #e2e1e6; color: black;\">Costo:<\/td>\n<td>Costo Variable<\/td>\n<\/tr>\n<tr>\n<td style=\"width: 25%; background-color: #e2e1e6;\">Fundamento Jur\u00eddico del Cobro:<\/td>\n<td>Art 23 de la Ley de Agua Potable y Alcantarillado del Estado de Sinaloa.- Los trabajos necesarios para la instalaci\u00f3n de este servicio se llevar\u00e1n a cabo \u00fanica y exclusivamente por el personal autorizado de las Juntas, con cargo al usuario, previo pago correspondiente.<\/td>\n<\/tr>\n<tr>\n<td style=\"width: 25%; background-color: #e2e1e6; color: black;\">Ordenamiento cobro del tr\u00e1mite:<\/td>\n<td><a href=\"https:\/\/drive.google.com\/file\/d\/1Hyklb2JoXFFX7kqk54Vs6WOQO7ygJ7vb\/view\">Enlace<\/a><\/td>\n<\/tr>\n<tr>\n<td style=\"width: 25%; background-color: #e2e1e6;\">Observaciones:<\/td>\n<td>Los costos dependen de la supervisi\u00f3n que realice el \u00e1rea de operaci\u00f3n para determinar los costos (Presupuesto de Contrato).<\/td>\n<\/tr>\n<\/tbody>\n<\/table>\n<p>DOCUMENTOS A OBTENER PRODUCTO DEL TR\u00c1MITE<\/p>\n<table>\n<tbody>\n<tr>\n<td style=\"width: 25%; background-color: #e2e1e6; color: black;\">Documentos a obtener como producto de tr\u00e1mite:<\/td>\n<td>Contrato Firmado y comprobante de pago.<\/td>\n<\/tr>\n<\/tbody>\n<\/table>\n<h6><b>OFICINAS DE ATENCI\u00d3N<\/b><\/h6>\n<table>\n<tbody>\n<tr>\n<td style=\"width: 25%; background-color: #e2e1e6; color: black;\">Dependencia:<\/td>\n<td>Junta de Agua Potable y Alcantarillado del Municipio de Ahome<\/td>\n<\/tr>\n<tr>\n<td style=\"width: 25%; background-color: #e2e1e6; color: black;\">Direcci\u00f3n:<\/td>\n<td>\u00c1ngel Flores esq con Aquiles Serd\u00e1n S\/N, Colonia Centro, Los Mochis, Sinaloa. C.P. 81200<\/td>\n<\/tr>\n<tr>\n<td style=\"width: 25%; background-color: #e2e1e6; color: black;\">Oficina de atenci\u00f3n:<\/td>\n<td>Contratos<\/td>\n<\/tr>\n<\/tbody>\n<\/table>\n<p><!-- \/wp:post-content --><\/p>\n","protected":false},"excerpt":{"rendered":"<p>DATOS GENERALES Sujeto Obligado Gerencia General de la Junta de Agua Potable y Alcantarillado del Municipio de Ahome (JAPAMA) Unidad Administrativa Junta de Agua Potable y Alcantarillado del Municipio de Ahome Oficina de Atenci\u00f3n Contratos Nombre del Tr\u00e1mite y\/o Servicio Contrato de Servicios (Usuarios Dom\u00e9sticos) Objetivo (Descripci\u00f3n) Deber\u00e1n realizar el contrato de prestaci\u00f3n de servicios &hellip;<\/p>\n<p class=\"read-more\"> <a class=\"\" href=\"https:\/\/reaktorweb.com\/ahome\/contrato-de-servicios-usuarios-domesticos\/\"> <span class=\"screen-reader-text\">Contrato de Servicios (Usuarios Dom\u00e9sticos)<\/span> Leer m\u00e1s &raquo;<\/a><\/p>\n","protected":false},"author":1,"featured_media":0,"parent":0,"menu_order":0,"comment_status":"closed","ping_status":"closed","template":"","meta":{"site-sidebar-layout":"default","site-content-layout":"default","ast-main-header-display":"","ast-hfb-above-header-display":"","ast-hfb-below-header-display":"","ast-hfb-mobile-header-display":"","site-post-title":"","ast-breadcrumbs-content":"","ast-featured-img":"","footer-sml-layout":"","theme-transparent-header-meta":"","adv-header-id-meta":"","stick-header-meta":"","header-above-stick-meta":"","header-main-stick-meta":"","header-below-stick-meta":"","spay_email":"","footnotes":""},"class_list":["post-304","page","type-page","status-publish","hentry"],"jetpack_sharing_enabled":true,"jetpack_likes_enabled":false,"_links":{"self":[{"href":"https:\/\/reaktorweb.com\/ahome\/wp-json\/wp\/v2\/pages\/304","targetHints":{"allow":["GET"]}}],"collection":[{"href":"https:\/\/reaktorweb.com\/ahome\/wp-json\/wp\/v2\/pages"}],"about":[{"href":"https:\/\/reaktorweb.com\/ahome\/wp-json\/wp\/v2\/types\/page"}],"author":[{"embeddable":true,"href":"https:\/\/reaktorweb.com\/ahome\/wp-json\/wp\/v2\/users\/1"}],"replies":[{"embeddable":true,"href":"https:\/\/reaktorweb.com\/ahome\/wp-json\/wp\/v2\/comments?post=304"}],"version-history":[{"count":0,"href":"https:\/\/reaktorweb.com\/ahome\/wp-json\/wp\/v2\/pages\/304\/revisions"}],"wp:attachment":[{"href":"https:\/\/reaktorweb.com\/ahome\/wp-json\/wp\/v2\/media?parent=304"}],"curies":[{"name":"wp","href":"https:\/\/api.w.org\/{rel}","templated":true}]}}