{"id":328,"date":"2022-01-18T16:46:10","date_gmt":"2022-01-18T23:46:10","guid":{"rendered":"https:\/\/reaktorweb.com\/ahome\/?page_id=4610"},"modified":"2022-01-18T16:46:10","modified_gmt":"2022-01-18T23:46:10","slug":"licencia-de-operacion-de-bajo-riesgo-con-menos-de-500mts2","status":"publish","type":"page","link":"https:\/\/reaktorweb.com\/ahome\/licencia-de-operacion-de-bajo-riesgo-con-menos-de-500mts2\/","title":{"rendered":"Licencia de Operaci\u00f3n de Bajo Riesgo con menos de 500mts2"},"content":{"rendered":"<p>DATOS GENERALES<\/p>\n<table style=\"font-size: 16px; color: var( --e-global-color-text );\">\n<tbody>\n<tr>\n<td style=\"background-color: #e2e1e6;\">Sujeto Obligado<\/td>\n<td>\n<table border=\"0\" cellpadding=\"0\" cellspacing=\"0\" width=\"494\" style=\"width: 371pt;\">\n<tbody>\n<tr height=\"20\" style=\"height:15.0pt\">\n<td height=\"20\" width=\"494\" style=\"height:15.0pt;width:371pt\">Departamento de Protecci\u00f3n Civil y Bomberos<\/td>\n<\/tr>\n<\/tbody>\n<\/table>\n<\/td>\n<\/tr>\n<tr>\n<td style=\"background-color: #e2e1e6; color: black;\">Unidad Administrativa<\/td>\n<td>Secretar\u00eda de Seguridad y Protecci\u00f3n Ciudadana del Municipio de Ahome<\/td>\n<\/tr>\n<tr>\n<td style=\"background-color: #e2e1e6; color: black;\">Oficina de Atenci\u00f3n<\/td>\n<td>Oficinas de la Unidad Municipal de Protecci\u00f3n Civil Ahome<\/td>\n<\/tr>\n<tr>\n<td style=\"background-color: #e2e1e6; color: black;\">Nombre del Tr\u00e1mite y\/o Servicio<\/td>\n<td>Licencia de Operaci\u00f3n de Bajo Riesgo con menos de 500mts2<\/td>\n<\/tr>\n<tr>\n<td style=\"background-color: #e2e1e6; color: black;\">Objetivo (Descripci\u00f3n)<\/td>\n<td>Empresas, industrias, escuelas publicas y\/o privadas, organismos p\u00fablicos y\/o privados, asi como espectaculos p\u00fablicos que cumpla con las medidas de seguridad en materia de Protecci\u00f3n Civil descrito en su fundamento jur\u00eddico.<\/td>\n<\/tr>\n<tr>\n<td style=\"background-color: #e2e1e6;\">Fundamento Jur\u00eddico del Tr\u00e1mite<\/td>\n<td>Art\u00edculo 119 del Reglamento de Protecci\u00f3n Civil del Municipio de Ahome.<\/td>\n<\/tr>\n<tr>\n<td style=\"background-color: #e2e1e6; color: black;\">Ordenamiento jur\u00eddico del tr\u00e1mite:<\/td>\n<td>REGLAMENTO DE PROTECCION CIVIL DEL MUNICIPIO DE AHOME, decreto municipal 44<\/td>\n<\/tr>\n<tr>\n<td style=\"background-color: #e2e1e6; color: black;\">Plazo de Respuesta<\/td>\n<td>30 d\u00edas h\u00e1biles, ART. 182 fracci\u00f3n VIII del Reglamento de Protecci\u00f3n Civil del Municipio de Ahome.<\/td>\n<\/tr>\n<tr>\n<td style=\"background-color: #e2e1e6; color: black;\">Permite Solicitar Cita<\/td>\n<td>No<\/td>\n<\/tr>\n<\/tbody>\n<\/table>\n<p><b>REQUISITOS<\/b><\/p>\n<table>\n<tbody>\n<tr>\n<td style=\"width: 25%; background-color: #e2e1e6; color: black;\">1.- Nombre del documento:<\/td>\n<td>Oficio de solicitud de revisi\u00f3n.<\/td>\n<\/tr>\n<tr>\n<td>Originales<\/td>\n<td>1<\/td>\n<\/tr>\n<tr>\n<td>Copias<\/td>\n<td>1<\/td>\n<\/tr>\n<tr>\n<td>Detalles<\/td>\n<td>El Oficio de solicitud de revisi\u00f3n deber\u00e1 ser dirigido al Titular de la Unidad Municipal de Protecci\u00f3n Civil de Ahome, se deber\u00e1 expresar ubicaci\u00f3n del lugar, RFC, raz\u00f3n social y n\u00famero de telefono, firmada por representante legal y\/o propietario del inmueble.<\/td>\n<\/tr>\n<tr>\n<td>Condici\u00f3n para realizar el tr\u00e1mite<\/td>\n<td>Ser una instituci\u00f3n y\/o empresa privada con actividad empresarial.<\/td>\n<\/tr>\n<\/tbody>\n<\/table>\n<p><b>COSTOS<\/b><\/p>\n<table>\n<tbody>\n<tr>\n<td style=\"width: 25%; background-color: #e2e1e6; color: black;\">Costo:<\/td>\n<td>$ 637.70<\/td>\n<\/tr>\n<tr>\n<td style=\"width: 25%; background-color: #e2e1e6;\">Fundamento Jur\u00eddico del Cobro:<\/td>\n<td>ART. 119 del Reglamento de Protecci\u00f3n Civil del Municipio de Ahome y tarifa aprobada por la Sesi\u00f3n Ordinaria de Cabildo del 7 de mayo de 2014.<\/td>\n<\/tr>\n<tr>\n<td style=\"width: 25%; background-color: #e2e1e6; color: black;\">Ordenamiento cobro del tr\u00e1mite:<\/td>\n<td>Reglamento de Protecci\u00f3n Civil del Municipio de Ahome, decreto municipal 44<\/td>\n<\/tr>\n<tr>\n<td style=\"width: 25%; background-color: #e2e1e6;\">Observaciones:<\/td>\n<td>Licencia de Operaci\u00f3n para comercio con bajo riesgo y menos de 500 metros cuadrados<\/td>\n<\/tr>\n<\/tbody>\n<\/table>\n<p>DOCUMENTOS A OBTENER PRODUCTO DEL TR\u00c1MITE<\/p>\n<table>\n<tbody>\n<tr>\n<td style=\"width: 25%; background-color: #e2e1e6; color: black;\">Documentos a obtener como producto de tr\u00e1mite:<\/td>\n<td>Licencia de Operaci\u00f3n<\/td>\n<\/tr>\n<\/tbody>\n<\/table>\n<h6><b>OFICINAS DE ATENCI\u00d3N<\/b><\/h6>\n<table>\n<tbody>\n<tr>\n<td style=\"width: 25%; background-color: #e2e1e6; color: black;\">Secretar\u00eda:<\/td>\n<td>Secretar\u00eda de Seguridad y Protecci\u00f3n Ciudadana del Municipio de Ahome<\/td>\n<\/tr>\n<tr>\n<td style=\"width: 25%; background-color: #e2e1e6; color: black;\">Direcci\u00f3n:<\/td>\n<td>Blvd. Macario Gaxiola y 2 de abril, Col. Ra\u00fal Romanillo, C.P. 81285, Los Mochis, Ahome, Sinaloa<\/td>\n<\/tr>\n<tr>\n<td style=\"width: 25%; background-color: #e2e1e6; color: black;\">Oficina de atenci\u00f3n:<\/td>\n<td>Oficinas de Protecci\u00f3n Civil Ahome<\/td>\n<\/tr>\n<\/tbody>\n<\/table>\n","protected":false},"excerpt":{"rendered":"<p>DATOS GENERALES Sujeto Obligado Departamento de Protecci\u00f3n Civil y Bomberos Unidad Administrativa Secretar\u00eda de Seguridad y Protecci\u00f3n Ciudadana del Municipio de Ahome Oficina de Atenci\u00f3n Oficinas de la Unidad Municipal de Protecci\u00f3n Civil Ahome Nombre del Tr\u00e1mite y\/o Servicio Licencia de Operaci\u00f3n de Bajo Riesgo con menos de 500mts2 Objetivo (Descripci\u00f3n) Empresas, industrias, escuelas publicas &hellip;<\/p>\n<p class=\"read-more\"> <a class=\"\" href=\"https:\/\/reaktorweb.com\/ahome\/licencia-de-operacion-de-bajo-riesgo-con-menos-de-500mts2\/\"> <span class=\"screen-reader-text\">Licencia de Operaci\u00f3n de Bajo Riesgo con menos de 500mts2<\/span> Leer m\u00e1s &raquo;<\/a><\/p>\n","protected":false},"author":1,"featured_media":0,"parent":0,"menu_order":0,"comment_status":"closed","ping_status":"closed","template":"","meta":{"site-sidebar-layout":"default","site-content-layout":"default","ast-main-header-display":"","ast-hfb-above-header-display":"","ast-hfb-below-header-display":"","ast-hfb-mobile-header-display":"","site-post-title":"","ast-breadcrumbs-content":"","ast-featured-img":"","footer-sml-layout":"","theme-transparent-header-meta":"","adv-header-id-meta":"","stick-header-meta":"","header-above-stick-meta":"","header-main-stick-meta":"","header-below-stick-meta":"","spay_email":"","footnotes":""},"class_list":["post-328","page","type-page","status-publish","hentry"],"jetpack_sharing_enabled":true,"jetpack_likes_enabled":false,"_links":{"self":[{"href":"https:\/\/reaktorweb.com\/ahome\/wp-json\/wp\/v2\/pages\/328","targetHints":{"allow":["GET"]}}],"collection":[{"href":"https:\/\/reaktorweb.com\/ahome\/wp-json\/wp\/v2\/pages"}],"about":[{"href":"https:\/\/reaktorweb.com\/ahome\/wp-json\/wp\/v2\/types\/page"}],"author":[{"embeddable":true,"href":"https:\/\/reaktorweb.com\/ahome\/wp-json\/wp\/v2\/users\/1"}],"replies":[{"embeddable":true,"href":"https:\/\/reaktorweb.com\/ahome\/wp-json\/wp\/v2\/comments?post=328"}],"version-history":[{"count":0,"href":"https:\/\/reaktorweb.com\/ahome\/wp-json\/wp\/v2\/pages\/328\/revisions"}],"wp:attachment":[{"href":"https:\/\/reaktorweb.com\/ahome\/wp-json\/wp\/v2\/media?parent=328"}],"curies":[{"name":"wp","href":"https:\/\/api.w.org\/{rel}","templated":true}]}}