{"id":402,"date":"2022-01-05T09:28:34","date_gmt":"2022-01-05T16:28:34","guid":{"rendered":"https:\/\/reaktorweb.com\/ahome\/?page_id=3790"},"modified":"2022-01-05T09:28:34","modified_gmt":"2022-01-05T16:28:34","slug":"solicitud-de-apoyos-del-programa-calidad-y-espacios-de-vivienda","status":"publish","type":"page","link":"https:\/\/reaktorweb.com\/ahome\/solicitud-de-apoyos-del-programa-calidad-y-espacios-de-vivienda\/","title":{"rendered":"SOLICITUD DE APOYOS DEL PROGRAMA &#8220;CALIDAD Y ESPACIOS DE VIVIENDA&#8221;"},"content":{"rendered":"<table border=\"0\" cellpadding=\"0\" cellspacing=\"0\" width=\"1108\" style=\"width: 831pt;\">\n<colgroup>\n<col width=\"341\" style=\"mso-width-source:userset;mso-width-alt:12470;width:256pt\">\n<col width=\"767\" style=\"mso-width-source:userset;mso-width-alt:28050;width:575pt\">\n <\/colgroup>\n<tbody>\n<tr height=\"20\" style=\"height:15.0pt\">\n<td colspan=\"2\" height=\"20\" width=\"1108\" style=\"border-right-width: 0.5pt; border-right-color: black; height: 15pt; width: 831pt;\">DATOS GENERALES<\/td>\n<\/tr>\n<tr height=\"20\" style=\"height:15.0pt\">\n<td height=\"20\" width=\"341\" style=\"height:15.0pt;border-top:none;\n  width:256pt\">Sujeto Obligado<\/td>\n<td width=\"767\" style=\"border-top:none;border-left:none;width:575pt\">Secretar\u00eda<br \/>\n  de Bienestar del Municipio de Ahome<\/td>\n<\/tr>\n<tr height=\"20\" style=\"height:15.0pt\">\n<td height=\"20\" width=\"341\" style=\"height:15.0pt;border-top:none;\n  width:256pt\">Unidad Administrativa<\/td>\n<td width=\"767\" style=\"border-top:none;border-left:none;width:575pt\">Direcci\u00f3n<br \/>\n  de Bienestar Social<\/td>\n<\/tr>\n<tr height=\"20\" style=\"height:15.0pt\">\n<td height=\"20\" width=\"341\" style=\"height:15.0pt;border-top:none;\n  width:256pt\">Oficina de Atenci\u00f3n<\/td>\n<td width=\"767\" style=\"border-top:none;border-left:none;width:575pt\">Secretar\u00eda<br \/>\n  de Bienestar del Municipio de Ahome<\/td>\n<\/tr>\n<tr height=\"29\" style=\"mso-height-source:userset;height:21.75pt\">\n<td height=\"29\" width=\"341\" style=\"height:21.75pt;border-top:none;\n  width:256pt\">Nombre del Tr\u00e1mite y\/o Servicio<\/td>\n<td width=\"767\" style=\"width:575pt\">SOLICITUD DE APOYOS DEL PROGRAMA<br \/>\n  &#8220;CALIDAD Y ESPACIOS DE VIVIENDA&#8221;<\/td>\n<\/tr>\n<tr height=\"40\" style=\"height:30.0pt\">\n<td height=\"40\" width=\"341\" style=\"height:30.0pt;border-top:none;\n  width:256pt\">Objetivo (Descripci\u00f3n)<\/td>\n<td width=\"767\" style=\"border-left:none;width:575pt\">Entregar la<br \/>\n  informaci\u00f3n y documentaci\u00f3n requerida para iniciar el proceso mediante el<br \/>\n  cual se otorgan los beneficios del programa &#8220;Calidad y espacios de<br \/>\n  vivienda&#8221;.<\/td>\n<\/tr>\n<tr height=\"20\" style=\"height:15.0pt\">\n<td height=\"20\" width=\"341\" style=\"height:15.0pt;border-top:none;\n  width:256pt\">Fundamento Jur\u00eddico del Tr\u00e1mite<\/td>\n<td width=\"767\" style=\"border-top:none;border-left:none;width:575pt\">art.<br \/>\n  6, art. 7, art. 19 fracc. VII, art 27.&nbsp;<br \/>\n  Ley General de Desarrollo Social<\/td>\n<\/tr>\n<tr height=\"20\" style=\"height:15.0pt\">\n<td height=\"20\" width=\"341\" style=\"height:15.0pt;border-top:none;\n  width:256pt\">Ordenamiento jur\u00eddico del tr\u00e1mite:<\/td>\n<td width=\"767\" style=\"border-top:none;border-left:none;width:575pt\"><a href=\"http:\/\/www.diputados.gob.mx\/LeyesBiblio\/pdf\/264_250618.pdf\">http:\/\/www.diputados.gob.mx\/LeyesBiblio\/pdf\/264_250618.pdf<\/a><\/td>\n<\/tr>\n<tr height=\"20\" style=\"height:15.0pt\">\n<td height=\"20\" width=\"341\" style=\"height:15.0pt;border-top:none;\n  width:256pt\">Aplica Sanci\u00f3n<\/td>\n<td width=\"767\" style=\"border-top:none;border-left:none;width:575pt\">NO<\/td>\n<\/tr>\n<tr height=\"20\" style=\"height:15.0pt\">\n<td height=\"20\" width=\"341\" style=\"height:15.0pt;border-top:none;\n  width:256pt\">Plazo de Respuesta<\/td>\n<td width=\"767\" style=\"border-top:none;border-left:none;width:575pt\">3<br \/>\n  meses<\/td>\n<\/tr>\n<tr height=\"20\" style=\"height:15.0pt\">\n<td height=\"20\" width=\"341\" style=\"height:15.0pt;border-top:none;\n  width:256pt\">Permite Solicitar Cita<\/td>\n<td width=\"767\" style=\"border-top:none;border-left:none;width:575pt\">NO<\/td>\n<\/tr>\n<tr height=\"20\" style=\"height:15.0pt\">\n<td colspan=\"2\" height=\"20\" width=\"1108\" style=\"border-right-width: 0.5pt; border-right-color: black; height: 15pt; width: 831pt;\">REQUISITOS<\/td>\n<\/tr>\n<tr height=\"20\" style=\"height:15.0pt\">\n<td height=\"20\" width=\"341\" style=\"height:15.0pt;border-top:none;\n  width:256pt\">Documentos<\/td>\n<td width=\"767\" style=\"border-top:none;border-left:none;width:575pt\">Identificaci\u00f3n<br \/>\n  oficial<\/td>\n<\/tr>\n<tr height=\"20\" style=\"height:15.0pt\">\n<td height=\"20\" width=\"341\" style=\"height:15.0pt;border-top:none;\n  width:256pt\">Originales<\/td>\n<td style=\"border-top:none;border-left:none\">1<\/td>\n<\/tr>\n<tr height=\"20\" style=\"height:15.0pt\">\n<td height=\"20\" width=\"341\" style=\"height:15.0pt;border-top:none;\n  width:256pt\">Copias<\/td>\n<td style=\"border-top:none;border-left:none\">1<\/td>\n<\/tr>\n<tr height=\"20\" style=\"height:15.0pt\">\n<td height=\"20\" width=\"341\" style=\"height:15.0pt;border-top:none;\n  width:256pt\">Copias certificadas<\/td>\n<td style=\"border-top:none;border-left:none\">&nbsp;<\/td>\n<\/tr>\n<tr height=\"20\" style=\"height:15.0pt\">\n<td height=\"20\" width=\"341\" style=\"height:15.0pt;border-top:none;\n  width:256pt\">Detalles<\/td>\n<td style=\"border-top:none;border-left:none\">Copia de INE vigente<br \/>\n  y original para cotejo<\/td>\n<\/tr>\n<tr height=\"20\" style=\"height:15.0pt\">\n<td colspan=\"2\" height=\"20\" width=\"1108\" style=\"border-right-width: 0.5pt; border-right-color: black; height: 15pt; width: 831pt;\">REQUISITOS<\/td>\n<\/tr>\n<tr height=\"20\" style=\"height:15.0pt\">\n<td height=\"20\" width=\"341\" style=\"height:15.0pt;border-top:none;\n  width:256pt\">Documentos<\/td>\n<td width=\"767\" style=\"border-top:none;border-left:none;width:575pt\">Comprobante<br \/>\n  de domicilio<\/td>\n<\/tr>\n<tr height=\"20\" style=\"height:15.0pt\">\n<td height=\"20\" width=\"341\" style=\"height:15.0pt;border-top:none;\n  width:256pt\">Originales<\/td>\n<td style=\"border-top:none;border-left:none\">&nbsp;<\/td>\n<\/tr>\n<tr height=\"20\" style=\"height:15.0pt\">\n<td height=\"20\" width=\"341\" style=\"height:15.0pt;border-top:none;\n  width:256pt\">Copias<\/td>\n<td style=\"border-top:none;border-left:none\">1<\/td>\n<\/tr>\n<tr height=\"20\" style=\"height:15.0pt\">\n<td height=\"20\" width=\"341\" style=\"height:15.0pt;border-top:none;\n  width:256pt\">Copias certificadas<\/td>\n<td style=\"border-top:none;border-left:none\">&nbsp;<\/td>\n<\/tr>\n<tr height=\"38\" style=\"height:28.5pt\">\n<td height=\"38\" width=\"341\" style=\"height:28.5pt;border-top:none;\n  width:256pt\">Detalles<\/td>\n<td width=\"767\" style=\"border-top:none;border-left:none;width:575pt\">Copia<br \/>\n  del comprobante de domicilio no mayor a 3 meses (donde se aplicar\u00eda el apoyo)<br \/>\n  que acredite la propiedad y\/o posesi\u00f3n legal del inmueble.<\/td>\n<\/tr>\n<tr height=\"20\" style=\"height:15.0pt\">\n<td height=\"20\" width=\"341\" style=\"height:15.0pt;border-top:none;\n  width:256pt\">Condici\u00f3n para realizar el tr\u00e1mite<\/td>\n<td width=\"767\" style=\"border-top:none;border-left:none;width:575pt\">No<br \/>\n  aplica<\/td>\n<\/tr>\n<tr height=\"20\" style=\"height:15.0pt\">\n<td colspan=\"2\" height=\"20\" width=\"1108\" style=\"border-right-width: 0.5pt; border-right-color: black; height: 15pt; width: 831pt;\">REQUISITOS<\/td>\n<\/tr>\n<tr height=\"20\" style=\"height:15.0pt\">\n<td height=\"20\" width=\"341\" style=\"height:15.0pt;border-top:none;\n  width:256pt\">Documentos<\/td>\n<td style=\"border-top:none;border-left:none\">CURP&nbsp;<\/td>\n<\/tr>\n<tr height=\"20\" style=\"height:15.0pt\">\n<td height=\"20\" width=\"341\" style=\"height:15.0pt;border-top:none;\n  width:256pt\">Originales<\/td>\n<td style=\"border-top:none;border-left:none\">&nbsp;<\/td>\n<\/tr>\n<tr height=\"20\" style=\"height:15.0pt\">\n<td height=\"20\" width=\"341\" style=\"height:15.0pt;border-top:none;\n  width:256pt\">Copias<\/td>\n<td style=\"border-top:none;border-left:none\">1<\/td>\n<\/tr>\n<tr height=\"20\" style=\"height:15.0pt\">\n<td height=\"20\" width=\"341\" style=\"height:15.0pt;border-top:none;\n  width:256pt\">Copias certificadas<\/td>\n<td style=\"border-top:none;border-left:none\">&nbsp;<\/td>\n<\/tr>\n<tr height=\"20\" style=\"height:15.0pt\">\n<td height=\"20\" width=\"341\" style=\"height:15.0pt;border-top:none;\n  width:256pt\">Detalles<\/td>\n<td width=\"767\" style=\"border-top:none;border-left:none;width:575pt\">Copia<br \/>\n  de CURP de todos los integrantes del hogar con el fin de acreditar su<br \/>\n  identidad.<\/td>\n<\/tr>\n<tr height=\"20\" style=\"height:15.0pt\">\n<td height=\"20\" width=\"341\" style=\"height:15.0pt;border-top:none;\n  width:256pt\">Condici\u00f3n para realizar el tr\u00e1mite<\/td>\n<td width=\"767\" style=\"border-top:none;border-left:none;width:575pt\">No<br \/>\n  aplica<\/td>\n<\/tr>\n<tr height=\"20\" style=\"height:15.0pt\">\n<td colspan=\"2\" height=\"20\" width=\"1108\" style=\"border-right-width: 0.5pt; border-right-color: black; height: 15pt; width: 831pt;\">REQUISITOS<\/td>\n<\/tr>\n<tr height=\"20\" style=\"height:15.0pt\">\n<td height=\"20\" width=\"341\" style=\"height:15.0pt;border-top:none;\n  width:256pt\">Documentos<\/td>\n<td style=\"border-top:none;border-left:none\">Acta de Nacimiento<\/td>\n<\/tr>\n<tr height=\"20\" style=\"height:15.0pt\">\n<td height=\"20\" width=\"341\" style=\"height:15.0pt;border-top:none;\n  width:256pt\">Originales<\/td>\n<td style=\"border-top:none;border-left:none\">&nbsp;<\/td>\n<\/tr>\n<tr height=\"20\" style=\"height:15.0pt\">\n<td height=\"20\" width=\"341\" style=\"height:15.0pt;border-top:none;\n  width:256pt\">Copias<\/td>\n<td style=\"border-top:none;border-left:none\">1<\/td>\n<\/tr>\n<tr height=\"20\" style=\"height:15.0pt\">\n<td height=\"20\" width=\"341\" style=\"height:15.0pt;border-top:none;\n  width:256pt\">Copias certificadas<\/td>\n<td style=\"border-top:none;border-left:none\">&nbsp;<\/td>\n<\/tr>\n<tr height=\"20\" style=\"height:15.0pt\">\n<td height=\"20\" width=\"341\" style=\"height:15.0pt;border-top:none;\n  width:256pt\">Detalles<\/td>\n<td width=\"767\" style=\"border-top:none;border-left:none;width:575pt\">Copia<br \/>\n  de Acta de Nacimiento de todos los integrantes del hogar con el fin de<br \/>\n  acreditar su identidad.<\/td>\n<\/tr>\n<tr height=\"20\" style=\"height:15.0pt\">\n<td height=\"20\" width=\"341\" style=\"height:15.0pt;border-top:none;\n  width:256pt\">Condici\u00f3n para realizar el tr\u00e1mite<\/td>\n<td width=\"767\" style=\"border-top:none;border-left:none;width:575pt\">No<br \/>\n  aplica<\/td>\n<\/tr>\n<tr height=\"20\" style=\"height:15.0pt\">\n<td colspan=\"2\" height=\"20\" width=\"1108\" style=\"border-right-width: 0.5pt; border-right-color: black; height: 15pt; width: 831pt;\">REQUISITOS<\/td>\n<\/tr>\n<tr height=\"20\" style=\"height:15.0pt\">\n<td height=\"20\" width=\"341\" style=\"height:15.0pt;border-top:none;\n  width:256pt\">Documentos<\/td>\n<td width=\"767\" style=\"border-top:none;border-left:none;width:575pt\">Comprobante<br \/>\n  de Residencia firmada y sellada por el S\u00edndico o Comisariado Ejidal<\/td>\n<\/tr>\n<tr height=\"20\" style=\"height:15.0pt\">\n<td height=\"20\" width=\"341\" style=\"height:15.0pt;border-top:none;\n  width:256pt\">Originales<\/td>\n<td style=\"border-top:none;border-left:none\">&nbsp;<\/td>\n<\/tr>\n<tr height=\"20\" style=\"height:15.0pt\">\n<td height=\"20\" width=\"341\" style=\"height:15.0pt;border-top:none;\n  width:256pt\">Copias<\/td>\n<td style=\"border-top:none;border-left:none\">1<\/td>\n<\/tr>\n<tr height=\"20\" style=\"height:15.0pt\">\n<td height=\"20\" width=\"341\" style=\"height:15.0pt;border-top:none;\n  width:256pt\">Copias certificadas<\/td>\n<td style=\"border-top:none;border-left:none\">&nbsp;<\/td>\n<\/tr>\n<tr height=\"38\" style=\"height:28.5pt\">\n<td height=\"38\" width=\"341\" style=\"height:28.5pt;border-top:none;\n  width:256pt\">Detalles<\/td>\n<td width=\"767\" style=\"border-top:none;border-left:none;width:575pt\">Copia<br \/>\n  de Comprobante de Residencia no mayor a tres meses donde se acredite que es<br \/>\n  residente del lugar, as\u00ed como los a\u00f1os de ser habitante del mismo.<\/td>\n<\/tr>\n<tr height=\"20\" style=\"height:15.0pt\">\n<td height=\"20\" width=\"341\" style=\"height:15.0pt;border-top:none;\n  width:256pt\">Condici\u00f3n para realizar el tr\u00e1mite<\/td>\n<td width=\"767\" style=\"border-top:none;border-left:none;width:575pt\">No<br \/>\n  aplica<\/td>\n<\/tr>\n<tr height=\"20\" style=\"height:15.0pt\">\n<td colspan=\"2\" height=\"20\" width=\"1108\" style=\"border-right-width: 0.5pt; border-right-color: black; height: 15pt; width: 831pt;\">REQUISITOS<\/td>\n<\/tr>\n<tr height=\"20\" style=\"height:15.0pt\">\n<td height=\"20\" width=\"341\" style=\"height:15.0pt;border-top:none;\n  width:256pt\">Documentos<\/td>\n<td style=\"border-top:none;border-left:none\">Carta de Propiedad o<br \/>\n  posesi\u00f3n del terreno<\/td>\n<\/tr>\n<tr height=\"20\" style=\"height:15.0pt\">\n<td height=\"20\" width=\"341\" style=\"height:15.0pt;border-top:none;\n  width:256pt\">Originales<\/td>\n<td style=\"border-top:none;border-left:none\">&nbsp;<\/td>\n<\/tr>\n<tr height=\"20\" style=\"height:15.0pt\">\n<td height=\"20\" width=\"341\" style=\"height:15.0pt;border-top:none;\n  width:256pt\">Copias<\/td>\n<td style=\"border-top:none;border-left:none\">1<\/td>\n<\/tr>\n<tr height=\"20\" style=\"height:15.0pt\">\n<td height=\"20\" width=\"341\" style=\"height:15.0pt;border-top:none;\n  width:256pt\">Copias certificadas<\/td>\n<td style=\"border-top:none;border-left:none\">&nbsp;<\/td>\n<\/tr>\n<tr height=\"38\" style=\"height:28.5pt\">\n<td height=\"38\" width=\"341\" style=\"height:28.5pt;border-top:none;\n  width:256pt\">Detalles<\/td>\n<td width=\"767\" style=\"border-top:none;border-left:none;width:575pt\">Copia<br \/>\n  de la Carta de Propiedad o posesi\u00f3n del terreno no mayor a 3 meses, con el<br \/>\n  fin de acreditar la propiedad de la vivienda.<\/td>\n<\/tr>\n<tr height=\"20\" style=\"height:15.0pt\">\n<td height=\"20\" width=\"341\" style=\"height:15.0pt;border-top:none;\n  width:256pt\">Condici\u00f3n para realizar el tr\u00e1mite<\/td>\n<td width=\"767\" style=\"border-top:none;border-left:none;width:575pt\">No<br \/>\n  aplica<\/td>\n<\/tr>\n<tr height=\"20\" style=\"height:15.0pt\">\n<td colspan=\"2\" height=\"20\" width=\"1108\" style=\"border-right-width: 0.5pt; border-right-color: black; height: 15pt; width: 831pt;\">COSTOS<\/td>\n<\/tr>\n<tr height=\"20\" style=\"height:15.0pt\">\n<td height=\"20\" width=\"341\" style=\"height:15.0pt;border-top:none;\n  width:256pt\">Costo<\/td>\n<td width=\"767\" style=\"border-top:none;border-left:none;width:575pt\">Tramite<br \/>\n  Gratuito<\/td>\n<\/tr>\n<tr height=\"20\" style=\"height:15.0pt\">\n<td colspan=\"2\" height=\"20\" width=\"1108\" style=\"border-right-width: 0.5pt; border-right-color: black; height: 15pt; width: 831pt;\">DOCUMENTOS A OBTENER PRODUCTO DEL TR\u00c1MITE<\/td>\n<\/tr>\n<tr height=\"20\" style=\"height:15.0pt\">\n<td height=\"20\" width=\"341\" style=\"height:15.0pt;border-top:none;\n  width:256pt\">Documentos<\/td>\n<td width=\"767\" style=\"border-top:none;border-left:none;width:575pt\">Copia<br \/>\n  de formato de solicitud con folio<\/td>\n<\/tr>\n<tr height=\"20\" style=\"height:15.0pt\">\n<td colspan=\"2\" height=\"20\" style=\"border-right-width: 0.5pt; border-right-color: black; height: 15pt;\">FORMATOS\n    <\/td>\n<\/tr>\n<tr height=\"20\" style=\"height:15.0pt\">\n<td colspan=\"2\" height=\"20\" width=\"1108\" style=\"border-right-width: 0.5pt; border-right-color: black; height: 15pt; width: 831pt;\">OFICINAS DE ATENCI\u00d3N<\/td>\n<\/tr>\n<tr height=\"20\" style=\"height:15.0pt\">\n<td height=\"20\" width=\"341\" style=\"height:15.0pt;border-top:none;\n  width:256pt\">Secretar\u00eda<\/td>\n<td width=\"767\" style=\"border-top:none;border-left:none;width:575pt\">Secretar\u00eda<br \/>\n  de Bienestar del Municipio de Ahome<\/td>\n<\/tr>\n<tr height=\"20\" style=\"height:15.0pt\">\n<td height=\"20\" width=\"341\" style=\"height:15.0pt;border-top:none;\n  width:256pt\">Direcci\u00f3n<\/td>\n<td width=\"767\" style=\"border-top:none;border-left:none;width:575pt\">Dierecci\u00f3n<br \/>\n  de Bienestar Social<\/td>\n<\/tr>\n<tr height=\"20\" style=\"height:15.0pt\">\n<td height=\"20\" width=\"341\" style=\"height:15.0pt;border-top:none;\n  width:256pt\">Oficina de atenci\u00f3n<\/td>\n<td width=\"767\" style=\"border-top:none;border-left:none;width:575pt\">Secretar\u00eda<br \/>\n  de Bienestar del Municipio de Ahome<\/td>\n<\/tr>\n<tr height=\"20\" style=\"height:15.0pt\">\n<td colspan=\"2\" height=\"20\" width=\"1108\" style=\"border-right-width: 0.5pt; border-right-color: black; height: 15pt; width: 831pt;\">CRITERIOS DE APLICACI\u00d3N<\/td>\n<\/tr>\n<tr height=\"20\" style=\"height:15.0pt\">\n<td height=\"20\" width=\"341\" style=\"height:15.0pt;border-top:none;\n  width:256pt\">Sector<\/td>\n<td width=\"767\" style=\"border-top:none;border-left:none;width:575pt\">Otros<\/td>\n<\/tr>\n<tr height=\"20\" style=\"height:15.0pt\">\n<td height=\"20\" width=\"341\" style=\"height:15.0pt;border-top:none;\n  width:256pt\">Giros que aplican<\/td>\n<td width=\"767\" style=\"border-top:none;border-left:none;width:575pt\">Servicios<\/td>\n<\/tr>\n<tr height=\"20\" style=\"height:15.0pt\">\n<td height=\"20\" width=\"341\" style=\"height:15.0pt;border-top:none;\n  width:256pt\">Perfil ciudadano:<\/td>\n<td width=\"767\" style=\"border-top:none;border-left:none;width:575pt\">General<\/td>\n<\/tr>\n<\/tbody>\n<\/table>\n","protected":false},"excerpt":{"rendered":"<p>DATOS GENERALES Sujeto Obligado Secretar\u00eda de Bienestar del Municipio de Ahome Unidad Administrativa Direcci\u00f3n de Bienestar Social Oficina de Atenci\u00f3n Secretar\u00eda de Bienestar del Municipio de Ahome Nombre del Tr\u00e1mite y\/o Servicio SOLICITUD DE APOYOS DEL PROGRAMA &#8220;CALIDAD Y ESPACIOS DE VIVIENDA&#8221; Objetivo (Descripci\u00f3n) Entregar la informaci\u00f3n y documentaci\u00f3n requerida para iniciar el proceso mediante &hellip;<\/p>\n<p class=\"read-more\"> <a class=\"\" href=\"https:\/\/reaktorweb.com\/ahome\/solicitud-de-apoyos-del-programa-calidad-y-espacios-de-vivienda\/\"> <span class=\"screen-reader-text\">SOLICITUD DE APOYOS DEL PROGRAMA &#8220;CALIDAD Y ESPACIOS DE VIVIENDA&#8221;<\/span> Leer m\u00e1s &raquo;<\/a><\/p>\n","protected":false},"author":1,"featured_media":0,"parent":0,"menu_order":0,"comment_status":"closed","ping_status":"closed","template":"","meta":{"site-sidebar-layout":"default","site-content-layout":"default","ast-main-header-display":"","ast-hfb-above-header-display":"","ast-hfb-below-header-display":"","ast-hfb-mobile-header-display":"","site-post-title":"","ast-breadcrumbs-content":"","ast-featured-img":"","footer-sml-layout":"","theme-transparent-header-meta":"","adv-header-id-meta":"","stick-header-meta":"","header-above-stick-meta":"","header-main-stick-meta":"","header-below-stick-meta":"","spay_email":"","footnotes":""},"class_list":["post-402","page","type-page","status-publish","hentry"],"jetpack_sharing_enabled":true,"jetpack_likes_enabled":false,"_links":{"self":[{"href":"https:\/\/reaktorweb.com\/ahome\/wp-json\/wp\/v2\/pages\/402","targetHints":{"allow":["GET"]}}],"collection":[{"href":"https:\/\/reaktorweb.com\/ahome\/wp-json\/wp\/v2\/pages"}],"about":[{"href":"https:\/\/reaktorweb.com\/ahome\/wp-json\/wp\/v2\/types\/page"}],"author":[{"embeddable":true,"href":"https:\/\/reaktorweb.com\/ahome\/wp-json\/wp\/v2\/users\/1"}],"replies":[{"embeddable":true,"href":"https:\/\/reaktorweb.com\/ahome\/wp-json\/wp\/v2\/comments?post=402"}],"version-history":[{"count":0,"href":"https:\/\/reaktorweb.com\/ahome\/wp-json\/wp\/v2\/pages\/402\/revisions"}],"wp:attachment":[{"href":"https:\/\/reaktorweb.com\/ahome\/wp-json\/wp\/v2\/media?parent=402"}],"curies":[{"name":"wp","href":"https:\/\/api.w.org\/{rel}","templated":true}]}}