{"id":403,"date":"2022-01-07T16:00:18","date_gmt":"2022-01-07T23:00:18","guid":{"rendered":"https:\/\/reaktorweb.com\/ahome\/?page_id=4128"},"modified":"2022-01-07T16:00:18","modified_gmt":"2022-01-07T23:00:18","slug":"solicitud-de-apoyos-del-programa-estimulos-a-la-educacion-basica","status":"publish","type":"page","link":"https:\/\/reaktorweb.com\/ahome\/solicitud-de-apoyos-del-programa-estimulos-a-la-educacion-basica\/","title":{"rendered":"SOLICITUD DE APOYOS DEL PROGRAMA &#8220;EST\u00cdMULOS A LA EDUCACI\u00d3N B\u00c1SICA&#8221;"},"content":{"rendered":"<p><span style=\"color: #9f2241;\"><span style=\"font-size: 18px;\"><b>DATOS GENERALES<\/b><\/span><\/span><\/p>\n<table style=\"font-size: 16px; color: var( --e-global-color-text );\">\n<tbody>\n<tr>\n<td style=\"background-color: #e2e1e6;\"><span style=\"color: #000000;\">Sujeto Obligado<\/span><\/td>\n<td>Secretar\u00eda de Bienestar<\/td>\n<\/tr>\n<tr>\n<td style=\"background-color: #e2e1e6; color: black;\">Unidad Administrativa<\/td>\n<td>Direcci\u00f3n de Bienestar Social<\/td>\n<\/tr>\n<tr>\n<td style=\"background-color: #e2e1e6; color: black;\">Oficina de Atenci\u00f3n<\/td>\n<td>Secretar\u00eda de Bienestar<\/td>\n<\/tr>\n<tr>\n<td style=\"background-color: #e2e1e6; color: black;\">Nombre del Tr\u00e1mite y\/o Servicio<\/td>\n<td>SOLICITUD DE APOYOS DEL PROGRAMA &#8220;EST\u00cdMULOS A LA EDUCACI\u00d3N B\u00c1SICA&#8221;<\/td>\n<\/tr>\n<tr>\n<td style=\"background-color: #e2e1e6; color: black;\">Objetivo (Descripci\u00f3n)<\/td>\n<td>Entregar la informaci\u00f3n y documentaci\u00f3n requerida para iniciar el proceso mediante el cual se otorgan los beneficios del Programa &#8220;Est\u00edmulos a la Educaci\u00f3n B\u00e1sica&#8221;<\/td>\n<\/tr>\n<tr>\n<td style=\"background-color: #e2e1e6;\"><span style=\"color: #000000;\">Fundamento Jur\u00eddico del Tr\u00e1mite<\/span><\/td>\n<td>Articulo 55 del REGLAMENTO ORG\u00c1NICO DE LA ADMINISTRACI\u00d3N P\u00daBLICA<br \/>\nMUNICIPAL DE AHOME, SINALOA.<\/td>\n<\/tr>\n<tr>\n<td style=\"background-color: #e2e1e6; color: black;\">Ordenamiento jur\u00eddico del tr\u00e1mite:<\/td>\n<td>REGLAMENTO ORG\u00c1NICO DE LA ADMINISTRACI\u00d3N P\u00daBLICA MUNICIPAL DE AHOME, SINALOA.<\/td>\n<\/tr>\n<tr>\n<td style=\"background-color: #e2e1e6; color: black;\">Plazo de Respuesta<\/td>\n<td>3 meses<\/td>\n<\/tr>\n<tr>\n<td style=\"background-color: #e2e1e6; color: black;\">Permite Solicitar Cita<\/td>\n<td>No<\/td>\n<\/tr>\n<\/tbody>\n<\/table>\n<p><span style=\"color: #9f2241;\"><span style=\"font-size: 18px;\"><b>REQUISITOS<\/b><\/span><\/span><\/p>\n<table>\n<tbody>\n<tr>\n<td style=\"width: 25%; background-color: #e2e1e6; color: black;\">1.- Nombre del documento:<\/td>\n<td>Identificaci\u00f3n oficial<\/td>\n<\/tr>\n<tr>\n<td>Originales<\/td>\n<td>0<\/td>\n<\/tr>\n<tr>\n<td>Copias<\/td>\n<td>1<\/td>\n<\/tr>\n<tr>\n<td>Detalles<\/td>\n<td>Identificaci\u00f3n oficial del padre, madre o tutor<\/td>\n<\/tr>\n<\/tbody>\n<\/table>\n<table>\n<tbody>\n<tr>\n<td style=\"width: 25%; background-color: #e2e1e6; color: black;\">2.- Nombre del documento:<\/td>\n<td>Comprobante de domicilio<\/td>\n<\/tr>\n<tr>\n<td>Originales<\/td>\n<td>0<\/td>\n<\/tr>\n<tr>\n<td>Copias<\/td>\n<td>1<\/td>\n<\/tr>\n<tr>\n<td>Detalles<\/td>\n<td>Recibo de luz o agua reciente (m\u00e1ximo 2 meses de antig\u00fcedad)<\/td>\n<\/tr>\n<\/tbody>\n<\/table>\n<table>\n<tbody>\n<tr>\n<td style=\"width: 25%; background-color: #e2e1e6; color: black;\">3.- Nombre del documento:<\/td>\n<td>Boleta de calificaciones<\/td>\n<\/tr>\n<tr>\n<td>Originales<\/td>\n<td>0<\/td>\n<\/tr>\n<tr>\n<td>Copias<\/td>\n<td>1<\/td>\n<\/tr>\n<tr>\n<td>Detalles<\/td>\n<td>Boleta de calificaci\u00f3n final aprobatoria<\/td>\n<\/tr>\n<\/tbody>\n<\/table>\n<table>\n<tbody>\n<tr>\n<td style=\"width: 25%; background-color: #e2e1e6; color: black;\">4.- Nombre del documento:<\/td>\n<td>Acta de nacimiento<\/td>\n<\/tr>\n<tr>\n<td>Originales<\/td>\n<td>0<\/td>\n<\/tr>\n<tr>\n<td>Copias<\/td>\n<td>1<\/td>\n<\/tr>\n<tr>\n<td>Detalles<\/td>\n<td>Copia de Acta de nacimiento del menor<\/td>\n<\/tr>\n<\/tbody>\n<\/table>\n<table>\n<tbody>\n<tr>\n<td style=\"width: 25%; background-color: #e2e1e6; color: black;\">5.- Nombre del documento:<\/td>\n<td>Solicitud<\/td>\n<\/tr>\n<tr>\n<td>Originales<\/td>\n<td>0<\/td>\n<\/tr>\n<tr>\n<td>Copias<\/td>\n<td>1<\/td>\n<\/tr>\n<tr>\n<td>Detalles<\/td>\n<td>Llenado del formato de solicitud de apoyo del Programa &#8220;Est\u00edmulos a la educaci\u00f3n b\u00e1sica&#8221;<\/td>\n<\/tr>\n<\/tbody>\n<\/table>\n<table>\n<tbody>\n<tr>\n<td style=\"width: 25%; background-color: #e2e1e6; color: black;\">6.- Nombre del documento:<\/td>\n<td>Estudio Socioecon\u00f3mico<\/td>\n<\/tr>\n<tr>\n<td>Originales<\/td>\n<td>1<\/td>\n<\/tr>\n<tr>\n<td>Copias<\/td>\n<td>0<\/td>\n<\/tr>\n<tr>\n<td>Detalles<\/td>\n<td>Llenado del formato de estudio socioecon\u00f3mico<\/td>\n<\/tr>\n<\/tbody>\n<\/table>\n<table>\n<tbody>\n<tr>\n<td style=\"width: 25%; background-color: #e2e1e6; color: black;\">7.- Nombre del documento:<\/td>\n<td>Fotograf\u00eda infantil<\/td>\n<\/tr>\n<tr>\n<td>Originales<\/td>\n<td>1<\/td>\n<\/tr>\n<tr>\n<td>Copias<\/td>\n<td>0<\/td>\n<\/tr>\n<tr>\n<td>Detalles<\/td>\n<td><\/td>\n<\/tr>\n<\/tbody>\n<\/table>\n<table>\n<tbody>\n<tr>\n<td style=\"width: 25%; background-color: #e2e1e6; color: black;\">8.- Nombre del documento:<\/td>\n<td>Ficha de preinscripci\u00f3n (solo para alumnos de nuevo ingreso a primaria o secundaria)<\/td>\n<\/tr>\n<tr>\n<td>Originales<\/td>\n<td>0<\/td>\n<\/tr>\n<tr>\n<td>Copias<\/td>\n<td>1<\/td>\n<\/tr>\n<tr>\n<td>Detalles<\/td>\n<td>Llenado del formato de estudio socioecon\u00f3mico<\/td>\n<\/tr>\n<\/tbody>\n<\/table>\n<p><span style=\"color: #9f2241;\"><span style=\"font-size: 18px;\"><b>COSTOS<\/b><\/span><\/span><\/p>\n<table>\n<tbody>\n<tr>\n<td style=\"width: 25%; background-color: #e2e1e6; color: black;\">Costo:<\/td>\n<td>Tramite Gratuito<\/td>\n<\/tr>\n<tr>\n<td style=\"width: 25%; background-color: #e2e1e6;\"><span style=\"color: #000000;\">Fundamento Jur\u00eddico del Cobro:<\/span><\/td>\n<td>No aplica<\/td>\n<\/tr>\n<tr>\n<td style=\"width: 25%; background-color: #e2e1e6; color: black;\">Ordenamiento cobro del tr\u00e1mite:<\/td>\n<td>No aplica<\/td>\n<\/tr>\n<tr>\n<td style=\"width: 25%; background-color: #e2e1e6;\"><span style=\"color: #000000;\">Observaciones:<\/span><\/td>\n<td>Sin observaciones<\/td>\n<\/tr>\n<\/tbody>\n<\/table>\n<p><span style=\"font-weight: bold; color: #9f2241; font-family: Roboto, sans-serif; font-size: 18px; font-style: normal; font-variant-ligatures: normal; font-variant-caps: normal;\">DOCUMENTOS A OBTENER PRODUCTO DEL TR\u00c1MITE<\/span><\/p>\n<table>\n<tbody>\n<tr>\n<td style=\"width: 25%; background-color: #e2e1e6; color: black;\">Documentos a obtener como producto de tr\u00e1mite:<\/td>\n<td>Copia de formato de solicitud con folio<\/td>\n<\/tr>\n<\/tbody>\n<\/table>\n<h6><b>OFICINAS DE ATENCI\u00d3N<\/b><\/h6>\n<table>\n<tbody>\n<tr>\n<td style=\"width: 25%; background-color: #e2e1e6; color: black;\">Secretar\u00eda:<\/td>\n<td>Secretar\u00eda de Bienestar del Municipio de Ahome<\/td>\n<\/tr>\n<tr>\n<td style=\"width: 25%; background-color: #e2e1e6; color: black;\">Direcci\u00f3n:<\/td>\n<td>Direccion de Bienestar Social<\/td>\n<\/tr>\n<tr>\n<td style=\"width: 25%; background-color: #e2e1e6; color: black;\">Oficina de atenci\u00f3n:<\/td>\n<td>Secretar\u00eda de Bienestar del Municipio de Ahome;Av. Profesor Marcial Ordo\u00f1ez 240 Pte. Entre Guillermo Prieto y Zaragoza, Col. Bienestar CP 81280; De Lunes a S\u00e1bado; De 8:00 a 16:00 hrs, y 9:00 a 13:00 hrs.<\/td>\n<\/tr>\n<\/tbody>\n<\/table>\n","protected":false},"excerpt":{"rendered":"<p>DATOS GENERALES Sujeto Obligado Secretar\u00eda de Bienestar Unidad Administrativa Direcci\u00f3n de Bienestar Social Oficina de Atenci\u00f3n Secretar\u00eda de Bienestar Nombre del Tr\u00e1mite y\/o Servicio SOLICITUD DE APOYOS DEL PROGRAMA &#8220;EST\u00cdMULOS A LA EDUCACI\u00d3N B\u00c1SICA&#8221; Objetivo (Descripci\u00f3n) Entregar la informaci\u00f3n y documentaci\u00f3n requerida para iniciar el proceso mediante el cual se otorgan los beneficios del Programa &hellip;<\/p>\n<p class=\"read-more\"> <a class=\"\" href=\"https:\/\/reaktorweb.com\/ahome\/solicitud-de-apoyos-del-programa-estimulos-a-la-educacion-basica\/\"> <span class=\"screen-reader-text\">SOLICITUD DE APOYOS DEL PROGRAMA &#8220;EST\u00cdMULOS A LA EDUCACI\u00d3N B\u00c1SICA&#8221;<\/span> Leer m\u00e1s &raquo;<\/a><\/p>\n","protected":false},"author":1,"featured_media":0,"parent":0,"menu_order":0,"comment_status":"closed","ping_status":"closed","template":"","meta":{"site-sidebar-layout":"default","site-content-layout":"default","ast-main-header-display":"","ast-hfb-above-header-display":"","ast-hfb-below-header-display":"","ast-hfb-mobile-header-display":"","site-post-title":"","ast-breadcrumbs-content":"","ast-featured-img":"","footer-sml-layout":"","theme-transparent-header-meta":"","adv-header-id-meta":"","stick-header-meta":"","header-above-stick-meta":"","header-main-stick-meta":"","header-below-stick-meta":"","spay_email":"","footnotes":""},"class_list":["post-403","page","type-page","status-publish","hentry"],"jetpack_sharing_enabled":true,"jetpack_likes_enabled":false,"_links":{"self":[{"href":"https:\/\/reaktorweb.com\/ahome\/wp-json\/wp\/v2\/pages\/403","targetHints":{"allow":["GET"]}}],"collection":[{"href":"https:\/\/reaktorweb.com\/ahome\/wp-json\/wp\/v2\/pages"}],"about":[{"href":"https:\/\/reaktorweb.com\/ahome\/wp-json\/wp\/v2\/types\/page"}],"author":[{"embeddable":true,"href":"https:\/\/reaktorweb.com\/ahome\/wp-json\/wp\/v2\/users\/1"}],"replies":[{"embeddable":true,"href":"https:\/\/reaktorweb.com\/ahome\/wp-json\/wp\/v2\/comments?post=403"}],"version-history":[{"count":0,"href":"https:\/\/reaktorweb.com\/ahome\/wp-json\/wp\/v2\/pages\/403\/revisions"}],"wp:attachment":[{"href":"https:\/\/reaktorweb.com\/ahome\/wp-json\/wp\/v2\/media?parent=403"}],"curies":[{"name":"wp","href":"https:\/\/api.w.org\/{rel}","templated":true}]}}