{"id":409,"date":"2022-01-28T11:29:32","date_gmt":"2022-01-28T18:29:32","guid":{"rendered":"https:\/\/reaktorweb.com\/ahome\/?page_id=5729"},"modified":"2022-01-28T11:29:32","modified_gmt":"2022-01-28T18:29:32","slug":"solicitud-de-rectificacion-de-datos-personales","status":"publish","type":"page","link":"https:\/\/reaktorweb.com\/ahome\/solicitud-de-rectificacion-de-datos-personales\/","title":{"rendered":"Solicitud de Rectificaci\u00f3n de Datos Personales"},"content":{"rendered":"<p><span style=\"color: #9f2241;\"><span style=\"font-size: 18px;\"><b>DATOS GENERALES<\/b><\/span><\/span><\/p>\n<table width=\"554\">\n<tbody>\n<tr>\n<td width=\"233\">Sujeto Obligado<\/td>\n<td width=\"321\">H. Ayuntamiento de Ahome<\/td>\n<\/tr>\n<tr>\n<td width=\"233\">Unidad Administrativa<\/td>\n<td width=\"321\">Unidad de Transparencia<\/td>\n<\/tr>\n<tr>\n<td width=\"233\">Oficina de Atenci\u00f3n<\/td>\n<td width=\"321\">Unidad de Transparencia<\/td>\n<\/tr>\n<tr>\n<td width=\"233\">Nombre del Tr\u00e1mite y\/o Servicio<\/td>\n<td width=\"321\">Solicitud de Rectificaci\u00f3n de Datos Personales<\/td>\n<\/tr>\n<tr>\n<td width=\"233\">Objetivo (Descripci\u00f3n)<\/td>\n<td>Obtener acceso a la informaci\u00f3n de datos personales en posesi\u00f3n de los sujetos obligados, ejercer el derecho de acceso.<\/td>\n<\/tr>\n<tr>\n<td width=\"233\">Fundamento Jur\u00eddico del Tr\u00e1mite<\/td>\n<td width=\"321\">Art. 2 de la Ley de Datos Personales<\/td>\n<\/tr>\n<tr>\n<td width=\"233\">Plazo de Respuesta<\/td>\n<td>20 d\u00edas h\u00e1biles<\/td>\n<\/tr>\n<tr>\n<td width=\"233\">Permite Solicitar Cita<\/td>\n<td width=\"321\">S\u00ed<\/td>\n<\/tr>\n<tr>\n<td colspan=\"2\" width=\"554\"><span style=\"color: #9f2241;\"><span style=\"font-size: 18px;\"><b>REQUISITOS<\/b><\/span><\/span><\/td>\n<\/tr>\n<tr>\n<td width=\"233\">Documentos<\/td>\n<td width=\"321\">Identificaci\u00f3n oficial: Credencial de elector, Pasaporte,<\/td>\n<\/tr>\n<tr>\n<td width=\"233\">Originales<\/td>\n<td width=\"321\">Identificaci\u00f3n oficial: Credencial de elector, Pasaporte,<\/td>\n<\/tr>\n<tr>\n<td colspan=\"2\" width=\"554\"><span style=\"color: #9f2241;\"><span style=\"font-size: 18px;\"><b>COSTOS<\/b><\/span><\/span><\/td>\n<\/tr>\n<tr>\n<td width=\"233\">Sin costo<\/td>\n<td width=\"321\">Sin costo<\/td>\n<\/tr>\n<tr>\n<td colspan=\"2\" width=\"554\"><span style=\"color: #9f2241;\"><span style=\"font-size: 18px;\"><b>DOCUMENTOS A OBTENER PRODUCTO DEL TR\u00c1MITE<\/b><\/span><\/span><\/td>\n<\/tr>\n<tr>\n<td width=\"233\">Documentos<\/td>\n<td width=\"321\">Datos Personales<\/td>\n<\/tr>\n<tr>\n<td colspan=\"2\" width=\"554\"><span style=\"color: #9f2241;\"><span style=\"font-size: 18px;\"><b>OFICINAS DE ATENCI\u00d3N<\/b><\/span><\/span><\/td>\n<\/tr>\n<tr>\n<td width=\"233\">Secretar\u00eda<\/td>\n<td width=\"321\">Unidad de Transparencia<\/td>\n<\/tr>\n<tr>\n<td width=\"233\">Direcci\u00f3n<\/td>\n<td width=\"321\">Marcial Ordo\u00f1ez #71<\/td>\n<\/tr>\n<tr>\n<td width=\"233\">Oficina de atenci\u00f3n<\/td>\n<td width=\"321\">Unidad de Transparencia<\/td>\n<\/tr>\n<\/tbody>\n<\/table>\n","protected":false},"excerpt":{"rendered":"<p>DATOS GENERALES Sujeto Obligado H. Ayuntamiento de Ahome Unidad Administrativa Unidad de Transparencia Oficina de Atenci\u00f3n Unidad de Transparencia Nombre del Tr\u00e1mite y\/o Servicio Solicitud de Rectificaci\u00f3n de Datos Personales Objetivo (Descripci\u00f3n) Obtener acceso a la informaci\u00f3n de datos personales en posesi\u00f3n de los sujetos obligados, ejercer el derecho de acceso. Fundamento Jur\u00eddico del Tr\u00e1mite &hellip;<\/p>\n<p class=\"read-more\"> <a class=\"\" href=\"https:\/\/reaktorweb.com\/ahome\/solicitud-de-rectificacion-de-datos-personales\/\"> <span class=\"screen-reader-text\">Solicitud de Rectificaci\u00f3n de Datos Personales<\/span> Leer m\u00e1s &raquo;<\/a><\/p>\n","protected":false},"author":1,"featured_media":0,"parent":0,"menu_order":0,"comment_status":"closed","ping_status":"closed","template":"","meta":{"site-sidebar-layout":"default","site-content-layout":"default","ast-main-header-display":"","ast-hfb-above-header-display":"","ast-hfb-below-header-display":"","ast-hfb-mobile-header-display":"","site-post-title":"","ast-breadcrumbs-content":"","ast-featured-img":"","footer-sml-layout":"","theme-transparent-header-meta":"","adv-header-id-meta":"","stick-header-meta":"","header-above-stick-meta":"","header-main-stick-meta":"","header-below-stick-meta":"","spay_email":"","footnotes":""},"class_list":["post-409","page","type-page","status-publish","hentry"],"jetpack_sharing_enabled":true,"jetpack_likes_enabled":false,"_links":{"self":[{"href":"https:\/\/reaktorweb.com\/ahome\/wp-json\/wp\/v2\/pages\/409","targetHints":{"allow":["GET"]}}],"collection":[{"href":"https:\/\/reaktorweb.com\/ahome\/wp-json\/wp\/v2\/pages"}],"about":[{"href":"https:\/\/reaktorweb.com\/ahome\/wp-json\/wp\/v2\/types\/page"}],"author":[{"embeddable":true,"href":"https:\/\/reaktorweb.com\/ahome\/wp-json\/wp\/v2\/users\/1"}],"replies":[{"embeddable":true,"href":"https:\/\/reaktorweb.com\/ahome\/wp-json\/wp\/v2\/comments?post=409"}],"version-history":[{"count":0,"href":"https:\/\/reaktorweb.com\/ahome\/wp-json\/wp\/v2\/pages\/409\/revisions"}],"wp:attachment":[{"href":"https:\/\/reaktorweb.com\/ahome\/wp-json\/wp\/v2\/media?parent=409"}],"curies":[{"name":"wp","href":"https:\/\/api.w.org\/{rel}","templated":true}]}}